{"id":16910,"date":"2025-04-25T11:13:43","date_gmt":"2025-04-25T09:13:43","guid":{"rendered":"https:\/\/nagai.de\/shop\/produkt\/sonnenschirmhuellen-reiniger-markisenreiniger-cleanomay-13\/"},"modified":"2025-06-03T19:41:54","modified_gmt":"2025-06-03T17:41:54","slug":"sonnenschirmhuellen-reiniger-markisenreiniger-cleanomay-13","status":"publish","type":"product","link":"https:\/\/nagai.de\/shop\/produkt\/sonnenschirmhuellen-reiniger-markisenreiniger-cleanomay-13\/","title":{"rendered":"Dacapo \/ Mezzo Sonnenschirmh\u00fcllen-Reiniger Markisenreiniger CleanoMay 13 (350848)"},"content":{"rendered":"","protected":false},"excerpt":{"rendered":"<p>Hocheffizientes Reiniger-Konzentrat entfernt Fett, \u00d6l, Kohle, Ru\u00df und anderen hartn\u00e4ckigen Schmutz von Sonnenschirm-Bespannung und -Gestell. Einsetzbar auch als Maschinenreiniger, K\u00fcchenreiniger (Zulassung Institut Fresenius f\u00fcr Lebensmittelbereich), Grillreiniger, Planenreiniger und Kunststoffreiniger. CleanoMay 13 ist ungiftig, biologisch abbaubar, nicht brennbar und wirkt nicht korrodierend. 1 Liter Konzentrat ergibt 26 Liter Reiniger.<\/p>\n","protected":false},"featured_media":16956,"comment_status":"open","ping_status":"closed","template":"","meta":[],"product_brand":[],"product_cat":[677,676],"product_tag":[690],"class_list":{"0":"post-16910","1":"product","2":"type-product","3":"status-publish","4":"has-post-thumbnail","6":"product_cat-zubehoer-dacapo","7":"product_cat-zubehoer-mezzo","8":"product_tag-zusatz-ausstattung","9":"product_shipping_class-zubehoer-schirme","11":"first","12":"instock","13":"taxable","14":"shipping-taxable","15":"purchasable","16":"product-type-simple"},"_links":{"self":[{"href":"https:\/\/nagai.de\/shop\/wp-json\/wp\/v2\/product\/16910","targetHints":{"allow":["GET"]}}],"collection":[{"href":"https:\/\/nagai.de\/shop\/wp-json\/wp\/v2\/product"}],"about":[{"href":"https:\/\/nagai.de\/shop\/wp-json\/wp\/v2\/types\/product"}],"replies":[{"embeddable":true,"href":"https:\/\/nagai.de\/shop\/wp-json\/wp\/v2\/comments?post=16910"}],"version-history":[{"count":4,"href":"https:\/\/nagai.de\/shop\/wp-json\/wp\/v2\/product\/16910\/revisions"}],"predecessor-version":[{"id":18912,"href":"https:\/\/nagai.de\/shop\/wp-json\/wp\/v2\/product\/16910\/revisions\/18912"}],"wp:featuredmedia":[{"embeddable":true,"href":"https:\/\/nagai.de\/shop\/wp-json\/wp\/v2\/media\/16956"}],"wp:attachment":[{"href":"https:\/\/nagai.de\/shop\/wp-json\/wp\/v2\/media?parent=16910"}],"wp:term":[{"taxonomy":"product_brand","embeddable":true,"href":"https:\/\/nagai.de\/shop\/wp-json\/wp\/v2\/product_brand?post=16910"},{"taxonomy":"product_cat","embeddable":true,"href":"https:\/\/nagai.de\/shop\/wp-json\/wp\/v2\/product_cat?post=16910"},{"taxonomy":"product_tag","embeddable":true,"href":"https:\/\/nagai.de\/shop\/wp-json\/wp\/v2\/product_tag?post=16910"}],"curies":[{"name":"wp","href":"https:\/\/api.w.org\/{rel}","templated":true}]}}