{"id":17458,"date":"2025-05-27T08:31:03","date_gmt":"2025-05-27T06:31:03","guid":{"rendered":"https:\/\/nagai.de\/shop\/?post_type=product&#038;p=17458"},"modified":"2026-04-04T10:44:01","modified_gmt":"2026-04-04T08:44:01","slug":"dachrinnenreinigung-berlin-reinickendorf-online-buchen","status":"publish","type":"product","link":"https:\/\/nagai.de\/shop\/produkt\/dachrinnenreinigung-berlin-reinickendorf-online-buchen\/","title":{"rendered":"Dachrinnenreinigung &#038; Fallrohrreinigung Berlin-Reinickendorf"},"content":{"rendered":"<h1>Dachrinnenreinigung Berlin Reinickendorf \u2013 online buchen<\/h1>\n<p>Dachrinnenreinigung Berlin Reinickendorf \u2013 jetzt online Preis berechnen und Termin buchen beim Fachbetrieb Nagai. Wir reinigen Dachrinnen und Fallrohre gr\u00fcndlich und sorgen daf\u00fcr, dass Regenwasser wieder frei abflie\u00dfen kann.<\/p>\n<p><strong>Verstopfte Fallrohre<\/strong>\u00a0und Dachrinnen k\u00f6nnen dazu f\u00fchren, dass Regenwasser nicht richtig abflie\u00dft und an der Fassade herunterl\u00e4uft, was auf Dauer erhebliche Sch\u00e4den am Fundament und der Bausubstanz verursacht. Feuchtigkeit kann nicht nur das Mauerwerk schw\u00e4chen, sondern auch zu Schimmelbildung f\u00fchren \u2013 ein Problem, das es unbedingt zu vermeiden gilt.<\/p>\n<h3>Unsere Leistungen im \u00dcberblick:<\/h3>\n<ul>\n<li><strong>Dachrinnenreinigung im Umkreis von 50 km<\/strong>\u00a0um unseren Standort: Unser Service ist auf die n\u00e4here Umgebung beschr\u00e4nkt, damit wir schnell und zuverl\u00e4ssig f\u00fcr dich arbeiten k\u00f6nnen.<\/li>\n<li><strong>An- und Abfahrt inklusive<\/strong>: Du musst dir keine Gedanken \u00fcber zus\u00e4tzliche Kosten machen.<\/li>\n<li><strong>Fachgerechte Entsorgung von Laub und Verschmutzungen<\/strong>: Wir k\u00fcmmern uns um eine umweltfreundliche Entsorgung aller R\u00fcckst\u00e4nde wie Laub, Moos und kleine \u00c4ste nach der Reinigung.<\/li>\n<li><strong>Schnelle Auftragsabwicklung<\/strong>.<\/li>\n<\/ul>\n<h3 data-start=\"2651\" data-end=\"2725\"><strong data-start=\"2651\" data-end=\"2725\">Dachrinnenreinigung Berlin Reinickendorf \u2013 Schutz f\u00fcr Haus und Fassade<\/strong><\/h3>\n<p data-start=\"2727\" data-end=\"3045\">Eine regelm\u00e4\u00dfige Dachrinnenreinigung in Berlin Reinickendorf sch\u00fctzt Dein Geb\u00e4ude vor Feuchtigkeitssch\u00e4den und teuren Reparaturen. Verstopfte Dachrinnen f\u00fchren dazu, dass Regenwasser \u00fcberl\u00e4uft und an der Fassade herunterl\u00e4uft. Dadurch k\u00f6nnen langfristig Sch\u00e4den am Mauerwerk, an der D\u00e4mmung und am Fundament entstehen.<\/p>\n<p data-start=\"3047\" data-end=\"3328\">Unser Fachbetrieb Nagai \u00fcbernimmt die professionelle Dachrinnenreinigung und Fallrohrreinigung f\u00fcr private und gewerbliche Geb\u00e4ude in Berlin und Brandenburg. Wir entfernen Laub, Schmutz und Ablagerungen gr\u00fcndlich und sorgen daf\u00fcr, dass das Wasser wieder ungehindert abflie\u00dfen kann.<\/p>\n<p data-start=\"3330\" data-end=\"3498\">Neben der Reinigung pr\u00fcfen wir auf Wunsch auch den Zustand deiner Dachrinnen und Fallrohre. Kleine Sch\u00e4den oder lockere Halterungen k\u00f6nnen so fr\u00fchzeitig erkannt werden.<\/p>\n<h3>Warum solltest du uns w\u00e4hlen?<\/h3>\n<p>Unser erfahrenes Team f\u00fchrt die Dachrinnenreinigung und Dachrinnenreparaturen gr\u00fcndlich und fachm\u00e4nnisch durch. Neben der Reinigung bieten wir dir auch Kleinreparaturen und einen Dachcheck an, um den Zustand deines Dachs zu \u00fcberpr\u00fcfen.<\/p>\n<p>Egal ob Einfamilienhaus, Mehrfamilienhaus oder gewerbliches Geb\u00e4ude \u2013 unser Service ist f\u00fcr verschiedene Geb\u00e4udearten verf\u00fcgbar. Wir bieten dir eine ma\u00dfgeschneiderte L\u00f6sung, die sich deinen Anforderungen anpasst. Lehne dich entspannt zur\u00fcck, w\u00e4hrend wir uns um den Schutz deines Hauses k\u00fcmmern.<\/p>\n<p>Nutze unseren zuverl\u00e4ssigen Service f\u00fcr Dachrinnenreinigung, Fallrohrreinigung, Dachrinnenreparatur, Kleinreparaturen und Dachcheck in Berlin und Brandenburg, um rechtzeitig vorzusorgen!<\/p>\n<p><strong>Hinweis<\/strong>: Kleinreparaturen und Dachrinnenreparaturen sind im Preis nicht inbegriffen. Wir bieten dir gerne einen kostenlosen Dachcheck und ein unverbindliches Angebot an.<\/p>\n<h3 data-start=\"2651\" data-end=\"2725\"><strong data-start=\"2651\" data-end=\"2725\">Dachrinnenreinigung Berlin Reinickendorf <\/strong>\u2013 Werterhalt f\u00fcr Ihr Geb\u00e4ude<\/h3>\n<p data-start=\"299\" data-end=\"706\">Eine regelm\u00e4\u00dfige Dachrinnenreinigung in Berlin ist entscheidend, um langfristige Sch\u00e4den am Geb\u00e4ude zu vermeiden. Durch Laub, \u00c4ste und Verschmutzungen k\u00f6nnen Dachrinnen und Fallrohre schnell verstopfen. Das f\u00fchrt dazu, dass Regenwasser nicht mehr richtig abflie\u00dft und \u00fcber die Dachrinne hinausl\u00e4uft. Die Folge k\u00f6nnen Feuchtigkeitssch\u00e4den an der Fassade, am Mauerwerk oder sogar am Fundament des Hauses sein.<\/p>\n<p data-start=\"708\" data-end=\"1085\">Unser Fachbetrieb Nagai bietet eine gr\u00fcndliche Dachrinnenreinigung in Berlin und Brandenburg f\u00fcr Einfamilienh\u00e4user, Mehrfamilienh\u00e4user sowie Gewerbeobjekte an. Wir reinigen Dachrinnen und Fallrohre professionell, entfernen Laub und Schmutz und sorgen daf\u00fcr, dass das Regenwasser wieder ungehindert abflie\u00dfen kann. Dabei achten wir auf eine sorgf\u00e4ltige und sichere Arbeitsweise.<\/p>\n<p data-start=\"1087\" data-end=\"1363\">Zus\u00e4tzlich \u00fcberpr\u00fcfen wir bei jeder Dachrinnenreinigung den Zustand der Dachrinne und der Fallrohre. Kleinere Sch\u00e4den oder lockere Halterungen k\u00f6nnen fr\u00fchzeitig erkannt werden, bevor gr\u00f6\u00dfere Reparaturen notwendig werden. So sch\u00fctzen Sie Ihr Geb\u00e4ude effektiv vor Wassersch\u00e4den.<\/p>\n<p data-start=\"1365\" data-end=\"1629\">Mit unserem Service f\u00fcr Dachrinnenreinigung Berlin Reinickendorf profitieren Sie von einem zuverl\u00e4ssigen Fachbetrieb, schneller Terminvergabe und einer fachgerechten Ausf\u00fchrung der Arbeiten. Unser Ziel ist es, Ihr Dachentw\u00e4sserungssystem dauerhaft funktionst\u00fcchtig zu halten.<\/p>\n<p data-start=\"1365\" data-end=\"1629\">Jetzt Dachrinnenreinigung Berlin Reinickendorf vom Fachbetrieb sichern und Ihr Geb\u00e4ude zuverl\u00e4ssig vor teuren Wassersch\u00e4den sch\u00fctzen.<\/p>\n<p data-start=\"83\" data-end=\"264\">Im <a href=\"https:\/\/nagai.de\/shop\/\">Nagai Online Shop<\/a> findest du professionelle Dienstleistungen und hochwertige L\u00f6sungen rund um Dachrinnenreinigung, Sonnenschutz und Insektenschutz f\u00fcr Berlin und Brandenburg.<\/p>\n<p>&nbsp;<\/p>\n","protected":false},"excerpt":{"rendered":"<p data-start=\"0\" data-end=\"378\">Professionelle Dachrinnen- und Fallrohrreinigung f\u00fcr Berlin &amp; Brandenburg \u2013 inklusive Anfahrt, Laubentsorgung und kostenlosem Dachcheck. Wir reinigen gr\u00fcndlich, beseitigen Verstopfungen und bieten auf Wunsch Kleinreparaturen* sowie Dachrinnenreparaturen* an. Ideal f\u00fcr Ein- und Mehrfamilienh\u00e4user sowie Gewerbeobjekte. Schnell, zuverl\u00e4ssig &amp; fachgerecht.<\/p>\n<p data-start=\"380\" data-end=\"428\" data-is-last-node=\"\" data-is-only-node=\"\">*Reparaturen optional, auf Anfrage mit Angebot.<\/p>\n","protected":false},"featured_media":17463,"comment_status":"open","ping_status":"closed","template":"","meta":[],"product_brand":[],"product_cat":[673],"product_tag":[],"class_list":{"0":"post-17458","1":"product","2":"type-product","3":"status-publish","4":"has-post-thumbnail","6":"product_cat-dachrinnenreinigung","7":"product_shipping_class-serviceleistung","9":"first","10":"instock","11":"taxable","12":"shipping-taxable","13":"purchasable","14":"product-type-variable"},"_links":{"self":[{"href":"https:\/\/nagai.de\/shop\/wp-json\/wp\/v2\/product\/17458","targetHints":{"allow":["GET"]}}],"collection":[{"href":"https:\/\/nagai.de\/shop\/wp-json\/wp\/v2\/product"}],"about":[{"href":"https:\/\/nagai.de\/shop\/wp-json\/wp\/v2\/types\/product"}],"replies":[{"embeddable":true,"href":"https:\/\/nagai.de\/shop\/wp-json\/wp\/v2\/comments?post=17458"}],"version-history":[{"count":10,"href":"https:\/\/nagai.de\/shop\/wp-json\/wp\/v2\/product\/17458\/revisions"}],"predecessor-version":[{"id":19525,"href":"https:\/\/nagai.de\/shop\/wp-json\/wp\/v2\/product\/17458\/revisions\/19525"}],"wp:featuredmedia":[{"embeddable":true,"href":"https:\/\/nagai.de\/shop\/wp-json\/wp\/v2\/media\/17463"}],"wp:attachment":[{"href":"https:\/\/nagai.de\/shop\/wp-json\/wp\/v2\/media?parent=17458"}],"wp:term":[{"taxonomy":"product_brand","embeddable":true,"href":"https:\/\/nagai.de\/shop\/wp-json\/wp\/v2\/product_brand?post=17458"},{"taxonomy":"product_cat","embeddable":true,"href":"https:\/\/nagai.de\/shop\/wp-json\/wp\/v2\/product_cat?post=17458"},{"taxonomy":"product_tag","embeddable":true,"href":"https:\/\/nagai.de\/shop\/wp-json\/wp\/v2\/product_tag?post=17458"}],"curies":[{"name":"wp","href":"https:\/\/api.w.org\/{rel}","templated":true}]}}