{"id":17533,"date":"2025-05-27T14:50:53","date_gmt":"2025-05-27T12:50:53","guid":{"rendered":"https:\/\/nagai.de\/shop\/produkt\/eck-wandbefestigung-keine-durchgangsbohrung-dmz172\/"},"modified":"2025-06-03T19:42:05","modified_gmt":"2025-06-03T17:42:05","slug":"eck-wandbefestigung-keine-durchgangsbohrung-dmz172","status":"publish","type":"product","link":"https:\/\/nagai.de\/shop\/produkt\/eck-wandbefestigung-keine-durchgangsbohrung-dmz172\/","title":{"rendered":"Eck-Wandbefestigung &#8211; keine Durchgangsbohrung (DMZ172)"},"content":{"rendered":"","protected":false},"excerpt":{"rendered":"<p>Warmdachaufbau, systemgerechter Anschluss auf ein Flachdach mit Fl\u00fcssigkunststoff, Gesamth\u00f6he wird auftragsbezogen ebenerdig zum Flachdachboden festgelegt, Oberteil abschraubbar, inkl. Abdeckplatte f\u00fcr Winterabdeckung.<\/p>\n","protected":false},"featured_media":17565,"comment_status":"open","ping_status":"closed","template":"","meta":[],"product_brand":[],"product_cat":[677,687,676],"product_tag":[688],"class_list":{"0":"post-17533","1":"product","2":"type-product","3":"status-publish","4":"has-post-thumbnail","6":"product_cat-zubehoer-dacapo","7":"product_cat-zubehoer-filius","8":"product_cat-zubehoer-mezzo","9":"product_tag-stationaere-befestigungselemente","10":"product_shipping_class-zubehoer-schirme","12":"first","13":"instock","14":"taxable","15":"shipping-taxable","16":"purchasable","17":"product-type-simple"},"_links":{"self":[{"href":"https:\/\/nagai.de\/shop\/wp-json\/wp\/v2\/product\/17533","targetHints":{"allow":["GET"]}}],"collection":[{"href":"https:\/\/nagai.de\/shop\/wp-json\/wp\/v2\/product"}],"about":[{"href":"https:\/\/nagai.de\/shop\/wp-json\/wp\/v2\/types\/product"}],"replies":[{"embeddable":true,"href":"https:\/\/nagai.de\/shop\/wp-json\/wp\/v2\/comments?post=17533"}],"version-history":[{"count":5,"href":"https:\/\/nagai.de\/shop\/wp-json\/wp\/v2\/product\/17533\/revisions"}],"predecessor-version":[{"id":18929,"href":"https:\/\/nagai.de\/shop\/wp-json\/wp\/v2\/product\/17533\/revisions\/18929"}],"wp:featuredmedia":[{"embeddable":true,"href":"https:\/\/nagai.de\/shop\/wp-json\/wp\/v2\/media\/17565"}],"wp:attachment":[{"href":"https:\/\/nagai.de\/shop\/wp-json\/wp\/v2\/media?parent=17533"}],"wp:term":[{"taxonomy":"product_brand","embeddable":true,"href":"https:\/\/nagai.de\/shop\/wp-json\/wp\/v2\/product_brand?post=17533"},{"taxonomy":"product_cat","embeddable":true,"href":"https:\/\/nagai.de\/shop\/wp-json\/wp\/v2\/product_cat?post=17533"},{"taxonomy":"product_tag","embeddable":true,"href":"https:\/\/nagai.de\/shop\/wp-json\/wp\/v2\/product_tag?post=17533"}],"curies":[{"name":"wp","href":"https:\/\/api.w.org\/{rel}","templated":true}]}}