{"id":17652,"date":"2025-05-27T19:34:12","date_gmt":"2025-05-27T17:34:12","guid":{"rendered":"https:\/\/nagai.de\/shop\/produkt\/baugruppe-fuer-schirmmastueberlaenge-357807\/"},"modified":"2025-06-03T19:42:15","modified_gmt":"2025-06-03T17:42:15","slug":"baugruppe-fuer-schirmmastueberlaenge-357807","status":"publish","type":"product","link":"https:\/\/nagai.de\/shop\/produkt\/baugruppe-fuer-schirmmastueberlaenge-357807\/","title":{"rendered":"Schirmdach-Stabilisator; Baugruppe f\u00fcr Schirmmast\u00fcberl\u00e4nge (357807)"},"content":{"rendered":"","protected":false},"excerpt":{"rendered":"<p>Lieferumfang: obere Fixierung, Schirmdach-Stabilisator, Kleinteile<\/p>\n","protected":false},"featured_media":18883,"comment_status":"open","ping_status":"closed","template":"","meta":[],"product_brand":[],"product_cat":[678],"product_tag":[690],"class_list":{"0":"post-17652","1":"product","2":"type-product","3":"status-publish","4":"has-post-thumbnail","6":"product_cat-zubehoer-schattello","7":"product_tag-zusatz-ausstattung","8":"product_shipping_class-zubehoer-schirme","10":"first","11":"instock","12":"taxable","13":"shipping-taxable","14":"purchasable","15":"product-type-simple"},"_links":{"self":[{"href":"https:\/\/nagai.de\/shop\/wp-json\/wp\/v2\/product\/17652","targetHints":{"allow":["GET"]}}],"collection":[{"href":"https:\/\/nagai.de\/shop\/wp-json\/wp\/v2\/product"}],"about":[{"href":"https:\/\/nagai.de\/shop\/wp-json\/wp\/v2\/types\/product"}],"replies":[{"embeddable":true,"href":"https:\/\/nagai.de\/shop\/wp-json\/wp\/v2\/comments?post=17652"}],"version-history":[{"count":4,"href":"https:\/\/nagai.de\/shop\/wp-json\/wp\/v2\/product\/17652\/revisions"}],"predecessor-version":[{"id":18371,"href":"https:\/\/nagai.de\/shop\/wp-json\/wp\/v2\/product\/17652\/revisions\/18371"}],"wp:featuredmedia":[{"embeddable":true,"href":"https:\/\/nagai.de\/shop\/wp-json\/wp\/v2\/media\/18883"}],"wp:attachment":[{"href":"https:\/\/nagai.de\/shop\/wp-json\/wp\/v2\/media?parent=17652"}],"wp:term":[{"taxonomy":"product_brand","embeddable":true,"href":"https:\/\/nagai.de\/shop\/wp-json\/wp\/v2\/product_brand?post=17652"},{"taxonomy":"product_cat","embeddable":true,"href":"https:\/\/nagai.de\/shop\/wp-json\/wp\/v2\/product_cat?post=17652"},{"taxonomy":"product_tag","embeddable":true,"href":"https:\/\/nagai.de\/shop\/wp-json\/wp\/v2\/product_tag?post=17652"}],"curies":[{"name":"wp","href":"https:\/\/api.w.org\/{rel}","templated":true}]}}