{"id":17821,"date":"2025-05-28T16:46:28","date_gmt":"2025-05-28T14:46:28","guid":{"rendered":"https:\/\/nagai.de\/shop\/produkt\/schattello-schwerlastrollen-fuer-unebene-bodenbelaege-fuer-1-satz-betonplatten-351499\/"},"modified":"2025-06-03T19:42:35","modified_gmt":"2025-06-03T17:42:35","slug":"schattello-schwerlastrollen-fuer-unebene-bodenbelaege-fuer-1-satz-betonplatten-351499","status":"publish","type":"product","link":"https:\/\/nagai.de\/shop\/produkt\/schattello-schwerlastrollen-fuer-unebene-bodenbelaege-fuer-1-satz-betonplatten-351499\/","title":{"rendered":"Schwerlastrollen f\u00fcr unebene Bodenbel\u00e4ge f\u00fcr 1 Satz Betonplatten (351499)"},"content":{"rendered":"","protected":false},"excerpt":{"rendered":"<p>Standrahmen passend f\u00fcr 1 Satz Betonplatten.<\/p>\n","protected":false},"featured_media":18862,"comment_status":"open","ping_status":"closed","template":"","meta":[],"product_brand":[],"product_cat":[687,678],"product_tag":[689],"class_list":{"0":"post-17821","1":"product","2":"type-product","3":"status-publish","4":"has-post-thumbnail","6":"product_cat-zubehoer-filius","7":"product_cat-zubehoer-schattello","8":"product_tag-mobile-befestigungselemente","9":"product_shipping_class-zubehoer-schirme","11":"first","12":"instock","13":"taxable","14":"shipping-taxable","15":"purchasable","16":"product-type-simple"},"_links":{"self":[{"href":"https:\/\/nagai.de\/shop\/wp-json\/wp\/v2\/product\/17821","targetHints":{"allow":["GET"]}}],"collection":[{"href":"https:\/\/nagai.de\/shop\/wp-json\/wp\/v2\/product"}],"about":[{"href":"https:\/\/nagai.de\/shop\/wp-json\/wp\/v2\/types\/product"}],"replies":[{"embeddable":true,"href":"https:\/\/nagai.de\/shop\/wp-json\/wp\/v2\/comments?post=17821"}],"version-history":[{"count":3,"href":"https:\/\/nagai.de\/shop\/wp-json\/wp\/v2\/product\/17821\/revisions"}],"predecessor-version":[{"id":18276,"href":"https:\/\/nagai.de\/shop\/wp-json\/wp\/v2\/product\/17821\/revisions\/18276"}],"wp:featuredmedia":[{"embeddable":true,"href":"https:\/\/nagai.de\/shop\/wp-json\/wp\/v2\/media\/18862"}],"wp:attachment":[{"href":"https:\/\/nagai.de\/shop\/wp-json\/wp\/v2\/media?parent=17821"}],"wp:term":[{"taxonomy":"product_brand","embeddable":true,"href":"https:\/\/nagai.de\/shop\/wp-json\/wp\/v2\/product_brand?post=17821"},{"taxonomy":"product_cat","embeddable":true,"href":"https:\/\/nagai.de\/shop\/wp-json\/wp\/v2\/product_cat?post=17821"},{"taxonomy":"product_tag","embeddable":true,"href":"https:\/\/nagai.de\/shop\/wp-json\/wp\/v2\/product_tag?post=17821"}],"curies":[{"name":"wp","href":"https:\/\/api.w.org\/{rel}","templated":true}]}}