{"id":17823,"date":"2025-05-28T16:46:29","date_gmt":"2025-05-28T14:46:29","guid":{"rendered":"https:\/\/nagai.de\/shop\/produkt\/schattello-standrahmenabdeckung-fuer-1-satz-betonplatten-200906\/"},"modified":"2025-06-03T19:42:35","modified_gmt":"2025-06-03T17:42:35","slug":"schattello-standrahmenabdeckung-fuer-1-satz-betonplatten-200906","status":"publish","type":"product","link":"https:\/\/nagai.de\/shop\/produkt\/schattello-standrahmenabdeckung-fuer-1-satz-betonplatten-200906\/","title":{"rendered":"Standrahmenabdeckung f\u00fcr 1 Satz Betonplatten (200906)"},"content":{"rendered":"","protected":false},"excerpt":{"rendered":"<p>passend f\u00fcr SZ411, SZ412, SZ414 und SZ420. Aus Edelstahl (1.4301).  Zum Nachr\u00fcsten<\/p>\n","protected":false},"featured_media":18857,"comment_status":"open","ping_status":"closed","template":"","meta":[],"product_brand":[],"product_cat":[678],"product_tag":[689],"class_list":{"0":"post-17823","1":"product","2":"type-product","3":"status-publish","4":"has-post-thumbnail","6":"product_cat-zubehoer-schattello","7":"product_tag-mobile-befestigungselemente","8":"product_shipping_class-zubehoer-schirme","10":"first","11":"instock","12":"taxable","13":"shipping-taxable","14":"purchasable","15":"product-type-simple"},"_links":{"self":[{"href":"https:\/\/nagai.de\/shop\/wp-json\/wp\/v2\/product\/17823","targetHints":{"allow":["GET"]}}],"collection":[{"href":"https:\/\/nagai.de\/shop\/wp-json\/wp\/v2\/product"}],"about":[{"href":"https:\/\/nagai.de\/shop\/wp-json\/wp\/v2\/types\/product"}],"replies":[{"embeddable":true,"href":"https:\/\/nagai.de\/shop\/wp-json\/wp\/v2\/comments?post=17823"}],"version-history":[{"count":2,"href":"https:\/\/nagai.de\/shop\/wp-json\/wp\/v2\/product\/17823\/revisions"}],"predecessor-version":[{"id":18277,"href":"https:\/\/nagai.de\/shop\/wp-json\/wp\/v2\/product\/17823\/revisions\/18277"}],"wp:featuredmedia":[{"embeddable":true,"href":"https:\/\/nagai.de\/shop\/wp-json\/wp\/v2\/media\/18857"}],"wp:attachment":[{"href":"https:\/\/nagai.de\/shop\/wp-json\/wp\/v2\/media?parent=17823"}],"wp:term":[{"taxonomy":"product_brand","embeddable":true,"href":"https:\/\/nagai.de\/shop\/wp-json\/wp\/v2\/product_brand?post=17823"},{"taxonomy":"product_cat","embeddable":true,"href":"https:\/\/nagai.de\/shop\/wp-json\/wp\/v2\/product_cat?post=17823"},{"taxonomy":"product_tag","embeddable":true,"href":"https:\/\/nagai.de\/shop\/wp-json\/wp\/v2\/product_tag?post=17823"}],"curies":[{"name":"wp","href":"https:\/\/api.w.org\/{rel}","templated":true}]}}