{"id":17915,"date":"2025-05-28T16:46:46","date_gmt":"2025-05-28T14:46:46","guid":{"rendered":"https:\/\/nagai.de\/shop\/produkt\/schattello-druckschutzblech-352201\/"},"modified":"2025-06-03T19:42:49","modified_gmt":"2025-06-03T17:42:49","slug":"schattello-druckschutzblech-352201","status":"publish","type":"product","link":"https:\/\/nagai.de\/shop\/produkt\/schattello-druckschutzblech-352201\/","title":{"rendered":"Druckschutzblech (352201)"},"content":{"rendered":"","protected":false},"excerpt":{"rendered":"<p>passend f\u00fcr alle SZ-H\u00fclsen-Oberteile, nicht in Kombination mit Fl\u00e4chenklemmung 351500. Zwischen Schirmmast und H\u00fclsen-Oberteil positioniert, wird aus den zwei Punktklemmen eine Fl\u00e4chenklemmung. Verzinkt.<\/p>\n","protected":false},"featured_media":18737,"comment_status":"open","ping_status":"closed","template":"","meta":[],"product_brand":[],"product_cat":[678],"product_tag":[688],"class_list":{"0":"post-17915","1":"product","2":"type-product","3":"status-publish","4":"has-post-thumbnail","6":"product_cat-zubehoer-schattello","7":"product_tag-stationaere-befestigungselemente","8":"product_shipping_class-zubehoer-schirme","10":"first","11":"instock","12":"taxable","13":"shipping-taxable","14":"purchasable","15":"product-type-simple"},"_links":{"self":[{"href":"https:\/\/nagai.de\/shop\/wp-json\/wp\/v2\/product\/17915","targetHints":{"allow":["GET"]}}],"collection":[{"href":"https:\/\/nagai.de\/shop\/wp-json\/wp\/v2\/product"}],"about":[{"href":"https:\/\/nagai.de\/shop\/wp-json\/wp\/v2\/types\/product"}],"replies":[{"embeddable":true,"href":"https:\/\/nagai.de\/shop\/wp-json\/wp\/v2\/comments?post=17915"}],"version-history":[{"count":4,"href":"https:\/\/nagai.de\/shop\/wp-json\/wp\/v2\/product\/17915\/revisions"}],"predecessor-version":[{"id":18739,"href":"https:\/\/nagai.de\/shop\/wp-json\/wp\/v2\/product\/17915\/revisions\/18739"}],"wp:featuredmedia":[{"embeddable":true,"href":"https:\/\/nagai.de\/shop\/wp-json\/wp\/v2\/media\/18737"}],"wp:attachment":[{"href":"https:\/\/nagai.de\/shop\/wp-json\/wp\/v2\/media?parent=17915"}],"wp:term":[{"taxonomy":"product_brand","embeddable":true,"href":"https:\/\/nagai.de\/shop\/wp-json\/wp\/v2\/product_brand?post=17915"},{"taxonomy":"product_cat","embeddable":true,"href":"https:\/\/nagai.de\/shop\/wp-json\/wp\/v2\/product_cat?post=17915"},{"taxonomy":"product_tag","embeddable":true,"href":"https:\/\/nagai.de\/shop\/wp-json\/wp\/v2\/product_tag?post=17915"}],"curies":[{"name":"wp","href":"https:\/\/api.w.org\/{rel}","templated":true}]}}