{"id":18347,"date":"2025-05-29T22:12:15","date_gmt":"2025-05-29T20:12:15","guid":{"rendered":"https:\/\/nagai.de\/shop\/produkt\/ankerplatte-zum-aufduebeln-mit-klappscharnier-und-ankerhuelsen-oberteil-dmz150-dmz127\/"},"modified":"2025-06-03T19:43:04","modified_gmt":"2025-06-03T17:43:04","slug":"ankerplatte-zum-aufduebeln-mit-klappscharnier-und-ankerhuelsen-oberteil-dmz150-dmz127","status":"publish","type":"product","link":"https:\/\/nagai.de\/shop\/produkt\/ankerplatte-zum-aufduebeln-mit-klappscharnier-und-ankerhuelsen-oberteil-dmz150-dmz127\/","title":{"rendered":"Ankerplatte zum Aufd\u00fcbeln mit Klappscharnier und Ankerh\u00fclsen-Oberteil DMZ150 (DMZ127)"},"content":{"rendered":"","protected":false},"excerpt":{"rendered":"<p>Gesamth\u00f6he wird auftragsbezogen ebenerdig zum Terrassenboden festgelegt, inkl. Abdeckplatte f\u00fcr Winterabdeckung.<\/p>\n","protected":false},"featured_media":18719,"comment_status":"open","ping_status":"closed","template":"","meta":[],"product_brand":[],"product_cat":[687],"product_tag":[688],"class_list":{"0":"post-18347","1":"product","2":"type-product","3":"status-publish","4":"has-post-thumbnail","6":"product_cat-zubehoer-filius","7":"product_tag-stationaere-befestigungselemente","8":"product_shipping_class-zubehoer-schirme","10":"first","11":"instock","12":"taxable","13":"shipping-taxable","14":"purchasable","15":"product-type-simple"},"_links":{"self":[{"href":"https:\/\/nagai.de\/shop\/wp-json\/wp\/v2\/product\/18347","targetHints":{"allow":["GET"]}}],"collection":[{"href":"https:\/\/nagai.de\/shop\/wp-json\/wp\/v2\/product"}],"about":[{"href":"https:\/\/nagai.de\/shop\/wp-json\/wp\/v2\/types\/product"}],"replies":[{"embeddable":true,"href":"https:\/\/nagai.de\/shop\/wp-json\/wp\/v2\/comments?post=18347"}],"version-history":[{"count":2,"href":"https:\/\/nagai.de\/shop\/wp-json\/wp\/v2\/product\/18347\/revisions"}],"predecessor-version":[{"id":18724,"href":"https:\/\/nagai.de\/shop\/wp-json\/wp\/v2\/product\/18347\/revisions\/18724"}],"wp:featuredmedia":[{"embeddable":true,"href":"https:\/\/nagai.de\/shop\/wp-json\/wp\/v2\/media\/18719"}],"wp:attachment":[{"href":"https:\/\/nagai.de\/shop\/wp-json\/wp\/v2\/media?parent=18347"}],"wp:term":[{"taxonomy":"product_brand","embeddable":true,"href":"https:\/\/nagai.de\/shop\/wp-json\/wp\/v2\/product_brand?post=18347"},{"taxonomy":"product_cat","embeddable":true,"href":"https:\/\/nagai.de\/shop\/wp-json\/wp\/v2\/product_cat?post=18347"},{"taxonomy":"product_tag","embeddable":true,"href":"https:\/\/nagai.de\/shop\/wp-json\/wp\/v2\/product_tag?post=18347"}],"curies":[{"name":"wp","href":"https:\/\/api.w.org\/{rel}","templated":true}]}}