{"id":18510,"date":"2025-05-30T12:50:43","date_gmt":"2025-05-30T10:50:43","guid":{"rendered":"https:\/\/nagai.de\/shop\/produkt\/betonstaender-995-kg-fuer-schirme-mit-elektrik-az371\/"},"modified":"2025-06-03T19:43:30","modified_gmt":"2025-06-03T17:43:30","slug":"betonstaender-995-kg-fuer-schirme-mit-elektrik-az371","status":"publish","type":"product","link":"https:\/\/nagai.de\/shop\/produkt\/betonstaender-995-kg-fuer-schirme-mit-elektrik-az371\/","title":{"rendered":"Betonst\u00e4nder 995 kg, f\u00fcr Schirme mit Elektrik (AZ371)"},"content":{"rendered":"<p>Betonst\u00e4nder analog AZ361. Der zus\u00e4tzlich integrierte Kabelkanal erm\u00f6glicht den flexiblen Anschluss von Strom und Lautsprecherkabeln. Der Kabelkanal ist b\u00fcndig an der Unterseite verschraubt. Eine Besch\u00e4digung durch einen Gabelstapler oder Hubwagen beim Transport ist somit ausgeschlossen. Der Kabelkanal kann vor Ort abgeschraubt, um 90\u00b0 gedreht und wieder angeschraubt werden. Die Ausrichtung zum Klappscharnier kann so flexibel festgelegt werden. Die Stromzufuhr vom elektrischen Netz bis zur Verteilerdose erfolgt durch den \u00f6rtlichen Elektriker, ein spezieller Abschluss erm\u00f6glicht die bauseitige Zugentlastung durch Kabelverschraubung. Wir empfehlen nach M\u00f6glichkeit die Leitung unterirdisch zu verlegen oder durch eine Kabelbr\u00fccke zu sch\u00fctzen.<\/p>\n","protected":false},"excerpt":{"rendered":"<p>110 x 110 cm, bei vorhandenem Schirm Seriennummer an der Kasse bei Notizen angeben.<\/p>\n","protected":false},"featured_media":18655,"comment_status":"open","ping_status":"closed","template":"","meta":[],"product_brand":[],"product_cat":[665],"product_tag":[689],"class_list":{"0":"post-18510","1":"product","2":"type-product","3":"status-publish","4":"has-post-thumbnail","6":"product_cat-zubehoer-albatros","7":"product_tag-mobile-befestigungselemente","8":"product_shipping_class-zubehoer-schirme","10":"first","11":"instock","12":"taxable","13":"shipping-taxable","14":"purchasable","15":"product-type-simple"},"_links":{"self":[{"href":"https:\/\/nagai.de\/shop\/wp-json\/wp\/v2\/product\/18510","targetHints":{"allow":["GET"]}}],"collection":[{"href":"https:\/\/nagai.de\/shop\/wp-json\/wp\/v2\/product"}],"about":[{"href":"https:\/\/nagai.de\/shop\/wp-json\/wp\/v2\/types\/product"}],"replies":[{"embeddable":true,"href":"https:\/\/nagai.de\/shop\/wp-json\/wp\/v2\/comments?post=18510"}],"version-history":[{"count":2,"href":"https:\/\/nagai.de\/shop\/wp-json\/wp\/v2\/product\/18510\/revisions"}],"predecessor-version":[{"id":18656,"href":"https:\/\/nagai.de\/shop\/wp-json\/wp\/v2\/product\/18510\/revisions\/18656"}],"wp:featuredmedia":[{"embeddable":true,"href":"https:\/\/nagai.de\/shop\/wp-json\/wp\/v2\/media\/18655"}],"wp:attachment":[{"href":"https:\/\/nagai.de\/shop\/wp-json\/wp\/v2\/media?parent=18510"}],"wp:term":[{"taxonomy":"product_brand","embeddable":true,"href":"https:\/\/nagai.de\/shop\/wp-json\/wp\/v2\/product_brand?post=18510"},{"taxonomy":"product_cat","embeddable":true,"href":"https:\/\/nagai.de\/shop\/wp-json\/wp\/v2\/product_cat?post=18510"},{"taxonomy":"product_tag","embeddable":true,"href":"https:\/\/nagai.de\/shop\/wp-json\/wp\/v2\/product_tag?post=18510"}],"curies":[{"name":"wp","href":"https:\/\/api.w.org\/{rel}","templated":true}]}}